{"id":67,"date":"2011-01-26T10:42:53","date_gmt":"2011-01-26T09:42:53","guid":{"rendered":"http:\/\/localhost\/brandfuel\/wp\/"},"modified":"2018-10-15T11:12:57","modified_gmt":"2018-10-15T10:12:57","slug":"tjanster","status":"publish","type":"page","link":"https:\/\/www.brandfuel.se\/?page_id=67","title":{"rendered":"Tj\u00e4nster"},"content":{"rendered":"<p><a title=\"hoppa till stycket Digitala l\u00f6sningar\" href=\"#digitala-l\u00f6sningar\">Digitala l\u00f6sningar<\/a>\u00a0|\u00a0<a title=\"Hoppa till stycket Reklam och utformning\" href=\"#reklam-utformning\">Reklam och utformning<\/a> |\u00a0<a title=\"Hoppa till stycket Mediastrategi och mediaplanering\" href=\"#mediastrategi-mediaplanering\">Mediastrategi och mediaplanering<\/a> | <a title=\"Hoppa till stycket Analys och unders\u00f6kningar\" href=\"#analys-undersokningar\">Analys och unders\u00f6kningar<\/a> | <a title=\"Hoppa till stycket Strategi och konceptutveckling\" href=\"#strategi-konceptutveckling\">Strategi och konceptutveckling<\/a> | <a title=\"Hoppa till stycket Uppdragsinriktning\" href=\"#uppdragsinriktning\">Uppdragsinriktning<\/a><\/p>\n<hr \/>\n<p>L\u00e5t f\u00f6retagets Employer Brand bli n\u00e5gonting som s\u00e4rskiljer er och skapar en konkurrensf\u00f6rdel n\u00e4r ni skall rekrytera.<br \/>\nOptimera rekryteringskampanjerna och \u00f6ka kostnadseffektiviteten. Arbeta f\u00f6r att l\u00e5ngsiktigt st\u00e4rka attityder och<br \/>\nkunskap kring er som arbetsgivare. Och v\u00e4lj framf\u00f6rallt en byr\u00e5 som vet hur man g\u00f6r f\u00f6r att lyckas.<\/p>\n<p>V\u00e5ra tj\u00e4nster f\u00f6rb\u00e4ttrar kommunikationen av er som arbetsgivare b\u00e5de internt och externt. De \u00e4r anpassade f\u00f6r<br \/>\nb\u00e5de mindre lokala rekryteringar s\u00e5v\u00e4l som stora nationella eller nordiska. Ni f\u00e5r \u00e4ven tillg\u00e5ng till marknadens<br \/>\nfr\u00e4msta expertis och kvalitetss\u00e4krar alla delar i arbetsprocessen f\u00f6r att kunna uppn\u00e5 ett optimalt resultat.<\/p>\n<hr \/>\n<h2>Digitala l\u00f6sningar<\/h2>\n<p>Vi erbjuder alltid det allra senaste inom digitala och sociala medier. Med ledande l\u00f6sningar som Retargeting, Programmatic, Sociala Medier, IP-styrning och webbsidor kan du s\u00e4kerst\u00e4lla att ditt f\u00f6retag alltid n\u00e5r din m\u00e5lgrupp p\u00e5 ett optimalt s\u00e4tt. Brand Fuel har varit banbrytande i branschen genom att snabbt kunna erbjuda v\u00e5ra kunder det allra senaste inom nya medier och nya tekniska l\u00f6sningar. Vi b\u00f6rjade t.ex. utveckla kampanjer inom sociala medier redan 2008 i hela Norden och inom IP-styrning 2011.<\/p>\n<h2 id=\"reklam-utformning\">Reklam och utformning<\/h2>\n<p><img loading=\"lazy\" style=\"margin: 0px 0px 10px 20px; float: right;\" src=\"http:\/\/www.brandfuel.se\/wp-content\/uploads\/2011\/02\/collage1.jpg\" alt=\"\" width=\"366\" height=\"226\" \/>Brand Fuel har en oslagbar f\u00f6rm\u00e5ga att g\u00e5ng p\u00e5 g\u00e5ng lyckas finna en kreativ id\u00e9 som g\u00f6r v\u00e5ra kunder unika och intressanta samt ger en kraftigt \u00f6kad effekt p\u00e5 rekryteringsannonseringen. Resultat som kommer att hj\u00e4lpa er att rekrytera r\u00e4tt personal, skapa positiva attityder, h\u00f6g top of mind\/k\u00e4nnedom och som lyfter ert f\u00f6retag hos m\u00e5lgruppen.<\/p>\n<p>Vi arbetar givetvis med utg\u00e5ngspunkt fr\u00e5n er brand guideline och befintlig marknadsf\u00f6ring f\u00f6r att s\u00e4kerst\u00e4lla att budskap och grafisk formgivning \u00e4r korrekt. I arbetet med reklamproduktion ing\u00e5r alla delar f\u00f6r att utforma och producera annonsmaterial eller m\u00e4ssprodukterav h\u00f6gsta klass f\u00f6r de medier som valts f\u00f6r kampanjen. Moment som ing\u00e5r \u00e4r t ex projektledning, analys, kreativ id\u00e9, art direction, copy writing, flashanimering etc beroende p\u00e5 vad vi skall hj\u00e4lpa er med. V\u00e5ra r\u00e5dgivare har h\u00f6g\u00a0kompetens och l\u00e5ng erfarenhet\u00a0inom reklam och har arbetat med stora kunder p\u00e5 n\u00e5gra av de fr\u00e4msta reklambyr\u00e5erna i Sverige.<\/p>\n<p><img style=\"margin: 20px 10px 10px 0px; float: left;\" src=\"http:\/\/www.brandfuel.se\/wp-content\/uploads\/2011\/02\/iStock_000014202291Small.jpg\" alt=\"\" \/><\/p>\n<h2 id=\"mediastrategi-mediaplanering\">Mediastrategi och mediaplanering<\/h2>\n<p>V\u00e5r kunskap om olika mediers samverkanseffekter, m\u00e5lgrupper, kommunikationsf\u00f6rm\u00e5ga och l\u00e4gsta kostnadsniv\u00e5 g\u00f6r att vi kan erbjuda en optimal mediel\u00f6sning. Inom detta omr\u00e5de erh\u00e5ller ni analys och rekommendation av olika medieplaner som p\u00e5 effektivaste m\u00f6jliga s\u00e4tt n\u00e5r r\u00e4tt m\u00e5lgrupp med h\u00f6gsta effekt. Mediaplaneringen baseras bland annat p\u00e5 hur er specifika m\u00e5lgrupp anv\u00e4nder olika medier och vilken strategi vi b\u00f6r anv\u00e4nda avseende r\u00e4ckvidd, frekvens, period och samverkans-<br \/>\neffekter. Vi tar ocks\u00e5 hand om all bevakning av t ex materialdeadlines och bokningsdagar, hantering av material och mediafakturor s\u00e5 att ni slipper all administration. V\u00e5ra erfarna r\u00e5dgivare \u00e4r diplomerade mediestrateger och har under m\u00e5nga \u00e5r arbetat med flera av de framg\u00e5ngsrikaste mediekampanjerna p\u00e5 de st\u00f6rsta mediebyr\u00e5erna.<\/p>\n<h2 id=\"analys-undersokningar\">Analys och unders\u00f6kningar<\/h2>\n<p>I v\u00e5rt arbete utg\u00e5r vi fr\u00e5n en djup analys av ert f\u00f6retags v\u00e4rderingar, position, m\u00e5lgrupp och befintlig marknadsf\u00f6ring. I vissa fall beh\u00f6vs det ytterligare input och vi kan d\u00e5 genomf\u00f6ra intervjuer, workshops och unders\u00f6kningar i utvalda interna eller externa grupper. Exempel p\u00e5 tj\u00e4nster \u00e4r t ex kartl\u00e4ggning av ert employer brand och ert erbjudande som arbetsgivare, analys av utvalda m\u00e5lgrupper och insamling av underlag f\u00f6r kommunikationsinsatser.<br \/>\n<img style=\"border: 1px solid #333333; margin: 40px 0px 20px 10px; float: right;\" src=\"http:\/\/www.brandfuel.se\/wp-content\/uploads\/2011\/02\/iStock_000010563038SmallBlack.jpg\" alt=\"\" \/><\/p>\n<h2 id=\"strategi-konceptutveckling\">Strategi och konceptutveckling<\/h2>\n<p>Genom v\u00e5ra erfarna experter inom employer branding skapar vi en m\u00e5lgruppsinriktad rekryteringsplattform som baseras p\u00e5 en djup analys (se Analys och unders\u00f6kningar) av ert f\u00f6retags v\u00e4rderingar, position, m\u00e5lgrupp och befintliga marknadsf\u00f6ring. Utifr\u00e5n detta kan vi skapa nya attraktions- och annonskoncept via budskap, utformning och medieval som uppn\u00e5r h\u00f6gst effekt. Vi arbetar \u00e4ven med specialprojekt som t ex diversity kommunikation, hur man attraherar m\u00e4nniskor med olika kulturell bakgrund eller fler kvinnor till chefspositioner etc.<\/p>\n<h2 id=\"uppdragsinriktning\" class=\"clearLeft\">Uppdragsinriktning<\/h2>\n<p>Vi har genomf\u00f6rt hundratals rekryteringskampanjer mot olika m\u00e5lgrupper och med varierande inriktningar, se exempel nedan:<\/p>\n<ul>\n<li><strong>Trainee<br \/>\n<\/strong>Nationella och pan-nordiska kampanjer.<\/li>\n<li><strong>Diversity<br \/>\n<\/strong>K\u00f6n, \u00e5lder etnicitet och funktionsinriktad kommunikation.<\/li>\n<li><strong>Student<br \/>\n<\/strong>Branding, m\u00e4ssor och relaterade medier.<\/li>\n<li><strong>Country to country<\/strong><br \/>\nRekryteringar fr\u00e5n\/till olika l\u00e4nder.<\/li>\n<li><strong>Specialister\/konsulter<br \/>\n<\/strong>Teknik, IT, Ekonomi\/Finans, Life science\/Healthcare, Marknadsf\u00f6ring mm.<\/li>\n<li><strong>Positioner<br \/>\n<\/strong>Alla roller fr\u00e5n VD till SAP-konsulter och s\u00e4ljare.<\/li>\n<\/ul>\n","protected":false},"excerpt":{"rendered":"<p>Digitala l\u00f6sningar\u00a0|\u00a0Reklam och utformning |\u00a0Mediastrategi och mediaplanering | Analys och unders\u00f6kningar | Strategi och konceptutveckling | Uppdragsinriktning L\u00e5t f\u00f6retagets Employer Brand bli n\u00e5gonting som s\u00e4rskiljer er och skapar en konkurrensf\u00f6rdel n\u00e4r ni skall rekrytera. Optimera rekryteringskampanjerna och \u00f6ka kostnadseffektiviteten. Arbeta &hellip; <a href=\"https:\/\/www.brandfuel.se\/?page_id=67\">L\u00e4s mer <span class=\"meta-nav\">&rarr;<\/span><\/a><\/p>\n","protected":false},"author":1,"featured_media":0,"parent":0,"menu_order":1,"comment_status":"open","ping_status":"closed","template":"","meta":{"ngg_post_thumbnail":0},"_links":{"self":[{"href":"https:\/\/www.brandfuel.se\/index.php?rest_route=\/wp\/v2\/pages\/67"}],"collection":[{"href":"https:\/\/www.brandfuel.se\/index.php?rest_route=\/wp\/v2\/pages"}],"about":[{"href":"https:\/\/www.brandfuel.se\/index.php?rest_route=\/wp\/v2\/types\/page"}],"author":[{"embeddable":true,"href":"https:\/\/www.brandfuel.se\/index.php?rest_route=\/wp\/v2\/users\/1"}],"replies":[{"embeddable":true,"href":"https:\/\/www.brandfuel.se\/index.php?rest_route=%2Fwp%2Fv2%2Fcomments&post=67"}],"version-history":[{"count":78,"href":"https:\/\/www.brandfuel.se\/index.php?rest_route=\/wp\/v2\/pages\/67\/revisions"}],"predecessor-version":[{"id":501,"href":"https:\/\/www.brandfuel.se\/index.php?rest_route=\/wp\/v2\/pages\/67\/revisions\/501"}],"wp:attachment":[{"href":"https:\/\/www.brandfuel.se\/index.php?rest_route=%2Fwp%2Fv2%2Fmedia&parent=67"}],"curies":[{"name":"wp","href":"https:\/\/api.w.org\/{rel}","templated":true}]}}